18*n + 1. Is s(-5) a composite number?
True
Let g(z) = z - 1. Let c(m) = m**3 - 5*m**2 + 2*m - 2. Let x be c(5). Is g(x) a composite number?
False
Is 1/(2720/(-907) + 3) a prime number?
True
Suppose 11*d + 50 = 6*d. Is ((-53)/5)/(2/d) a composite number?
False
Suppose 0 = 2*o + 2 - 6. Suppose -5*q + n - 5*n = -51, o*q + n - 21 = 0. Is q composite?
False
Let x be 123/15 + (-2)/10. Let u be 60/x*2/3. Suppose u*i - 61 = 234. Is i composite?
False
Suppose 5*c + 0*c = -365. Let f = c - -324. Is f a prime number?
True
Is 670 - (2/6)/((-3)/(-9)) prime?
False
Let k be 9 + 3/(-2 + -1). Suppose 5*j - k = 17. Suppose -235 = -3*z + x + 148, 645 = j*z - 5*x. Is z composite?
False
Is 31599/99 - 4/22 composite?
True
Suppose 0 = 6*u - 1283 - 289. Is u composite?
True
Suppose 41 = -5*m + 1. Let g = 11 + m. Let t(p) = 8*p + 1. Is t(g) prime?
False
Suppose 336 = -4*j - 2*s, -42 = -2*j + 2*s - 222. Let t = 336 - j. Is t a composite number?
True
Let j be 1/(-2) - 9/(-6). Is j + 246 - (0 + -4) prime?
True
Let y = -201 - 132. Let w = -200 - y. Is w prime?
False
Let f(m) = m + 71. Let u be f(0). Suppose 4*v = 2*w - 6*w - 12, 0 = v - 2*w - 6. Suppose 2*q = 2*h - h - u, -q - 2 = v. Is h composite?
False
Suppose -27*l - 20739 = -30*l. Is l composite?
True
Suppose 0 = -5*n - 8 + 28. Suppose -3*t - 3*q = -21, -n*t - 4*q + q + 24 = 0. Let k(z) = 2*z + 1. Is k(t) a composite number?
False
Let u = 87 - -40. Is u a composite number?
False
Let t = -114 + 821. Is t a prime number?
False
Let b = 1 + 50. Let k = b + -13. Suppose -4*r + 236 = -2*z, r - 16 = -2*z + k. Is r prime?
False
Let s be ((-56)/16)/(1/(-64)). Let b = s - 109. Is b prime?
False
Let s(o) be the first derivative of -39*o**2/2 + o + 7. Is s(-2) composite?
False
Suppose -39 = 2*k - 191. Suppose 0 = -4*y + 112 + k. Is y composite?
False
Let w(m) = 3*m. Let z be w(2). Let x be (-2)/z*-3*0. Suppose 0 = -c - x + 11. Is c composite?
False
Let w(v) = -v**2 + v + 1. Let m(p) = 3*p**3 + 7*p**2 - 5*p - 7. Let u(n) = -m(n) - w(n). Is u(-5) a prime number?
True
Let n(k) = -2*k**3 + 8*k**2 - 10*k - 1. Let f(d) = -d**3 + 4*d**2 - 5*d - 1. Let u(c) = -5*f(c) + 2*n(c). Suppose 0 = -r + 2*r - 4. Is u(r) a prime number?
True
Suppose -4*y + 10 = y. Suppose -39 - 145 = -3*u + 5*s, -3*s = y*u - 91. Is u a prime number?
True
Suppose -11*n - 13538 = -18*n. Is n composite?
True
Let d(w) = w**2 + 6*w - 14. Is d(-10) composite?
True
Suppose j = -4*j + 110. Suppose 0 = -2*a + 4*a - j. Is a prime?
True
Let i(a) = a**2 - 28*a - 11. Let m be i(12). Is 1/(-1*1/m) a prime number?
False
Let v be 204/10 + (-8)/20. Suppose -3*h = 5*y - 78 - v, -y + 4*h + 15 = 0. Is y prime?
True
Let d(n) = 63*n - 4. Is d(13) a prime number?
False
Suppose -2*j = -5*j - 6. Let t(c) = -22*c**3 + 5*c**2 + 6*c + 3. Is t(j) composite?
True
Let v = 16 - 10. Is (-3 - v*-1) + 164 a composite number?
False
Is 1*12394/2*1 prime?
True
Is 3 + -3 + 2 + 113 composite?
True
Let h = -6 - -593. Is h a composite number?
False
Let w be 1090/8 - (-9)/12. Let a = 203 + -119. Let i = w - a. Is i a composite number?
False
Suppose 2*y = 5*y + 3120. Let g = 1671 + y. Is g composite?
False
Let t(q) = -40*q**3 - q**2 - 3*q - 5. Is t(-2) a prime number?
True
Let f(c) = c. Let u be f(5). Suppose -4*h + 2059 = 4*g + g, -u*h - 435 = -g. Is g prime?
False
Let z = -45 - -19. Is (z/(-1 - 1))/1 composite?
False
Suppose -3*n = -28 + 13. Let l(z) = 3*z - 3. Let t be l(6). Suppose 2*r - t - n = 0. Is r a composite number?
True
Let h(s) = -s - 1 + 3*s - 5*s + 2*s**2. Let d be (-3)/2 - 45/(-6). Is h(d) a prime number?
True
Let n = 11 - 7. Let r = n - 7. Let t(o) = -2*o + 4. Is t(r) a prime number?
False
Suppose 4*q = 5*o + 46, 5 = -o - q - 6. Let u be (-4)/(-10) + 4/o. Suppose -332 = -4*a - 2*g - u*g, -4*a = -g - 332. Is a a prime number?
True
Suppose 0 = -3*o + 343 + 473. Let y = -131 + o. Is y a composite number?
True
Let p = -1430 - -2417. Suppose -5*h + 2722 = p. Is h a composite number?
False
Let d(z) = z**3 + 10*z**2 + 2*z + 1. Let p be 12/18*6/(-4). Let v be 7/(-2)*(1 - p). Is d(v) a prime number?
False
Is 2/(4/46 + 0) composite?
False
Let q(h) = 4 + 2*h + 0*h**2 + 6*h - 12 - h**2. Is q(6) prime?
False
Let d(z) = z**3 + 3*z**2 - z - 3. Let v be d(-3). Suppose 5*a + 0*a - 1675 = v. Is a a composite number?
True
Let b(u) = 2*u**3 + 5*u**2 - u + 7. Let g(d) = d**3 - 3*d**2 - 7*d + 6. Let z be g(4). Let y be b(z). Let q = -156 - y. Is q composite?
False
Suppose -4*v - 1 - 7 = -3*d, v = d - 2. Suppose d = -0*o - 5*o + 395. Is o a composite number?
False
Let a(g) = -g + 55. Is a(0) prime?
False
Suppose -6*m = -2*m - a - 281, 5*a = -3*m + 205. Let z(u) = -u + 2. Let c be z(0). Suppose 88 + m = c*l. Is l composite?
False
Let a = -12 - -8. Let v be a/(-18) + (-448)/(-9). Suppose -r - r = -v. Is r prime?
False
Suppose 5*i = 6336 - 1941. Is i prime?
False
Let h = 12 - -7. Is h a prime number?
True
Let t(s) = 3*s**3 - 3*s**2 - 7*s + 23. Is t(6) a composite number?
False
Suppose 13*o - 11240 = -7*o. Is o a prime number?
False
Let a = 3 - 0. Suppose a*r = 3*k - 282, 8 = -2*r - 2. Is k prime?
True
Suppose 3*v - 430 = 827. Is v a composite number?
False
Suppose -u - 5*h = -57 - 47, 4*u + h - 359 = 0. Is u prime?
True
Is 4/(-1) + -16 + 361 prime?
False
Let m(z) = z**2 + 2*z + 1. Let g be m(-1). Suppose g*f + 1685 = 5*f. Is f composite?
False
Suppose f - 6*f + 3*g = -9115, -5*f + 4*g = -9115. Is f prime?
True
Suppose 0 = -5*f - p + 28, 2*p - 20 = -f - 3*p. Let c(s) = s**3 - 5*s**2 + 2*s - 3. Let i be c(f). Is 2 - i*(0 - 1) a prime number?
False
Suppose -9 = -3*q + 102. Is q a composite number?
False
Let w be (-1 - -4)/((-2)/(-62)). Suppose -3*r - 2*g + 16 = 0, 3*r + 12 - 32 = -4*g. Suppose r*b + 61 = 2*z - w, b + 139 = 2*z. Is z composite?
False
Suppose 0 = -2*y - 4510 + 12380. Is y composite?
True
Let j(z) = 3*z - 3 - 8*z**2 + 3. Let w be j(-3). Let v = w + 134. Is v prime?
True
Suppose 14 = -z - 0*z + 2*p, -3*p = -3*z - 30. Let j(w) = -16*w - 9. Is j(z) composite?
True
Let s(f) = 157*f - 14. Is s(9) a composite number?
False
Let n = -37 - -15. Let u be n/3 - (-10)/(-15). Let i(q) = -q + 1. Is i(u) composite?
True
Let i(d) = -2*d**2 + d + 4. Let v(g) = 5*g**2 - 2*g - 11. Let o(a) = 11*i(a) + 4*v(a). Let l be o(2). Is l/(0 + (-4)/46) prime?
True
Suppose 2*f - 4*u = -0*f - 272, -4*f - 5*u - 479 = 0. Let l = -71 - f. Is l composite?
True
Suppose 4*n - 24891 = -5*q, n - 3*q = 2*q + 6254. Is n a prime number?
True
Let r be ((-315)/(-6))/((-2)/4). Let p = -68 - r. Is p prime?
True
Suppose -t + 316 = -5*t. Let q = -56 - t. Is q prime?
True
Suppose b - 2*b = -211. Is b a composite number?
False
Let s(p) = -2*p**2 + 612 + 445 - 22*p + 21*p + p**2. Is s(0) a prime number?
False
Suppose -3*x = -8*x - 115. Let h = -14 - x. Is h composite?
True
Let w = 6 + -3. Suppose 2*j - 136 = -4*r, r + w*j + 27 = 2*r. Is r composite?
True
Suppose 3*q - 5*u = q + 106, -3*q = -5*u - 159. Is q a prime number?
True
Let a(l) = 100*l - 3. Is a(4) composite?
False
Suppose -2*l + 5 - 3 = 0. Let t be (l - 1)/(0 - 1). Suppose -1787 = -4*a + 3*q - 579, 4*q - 16 = t. Is a a composite number?
True
Let o(h) = 2*h + 3. Let b be o(-2). Let w be (b - (0 + 1)) + 2. Suppose -5*d - 360 = -5*l, -2*d + w*d = 2*l - 152. Is l a composite number?
True
Suppose 0 = 4*j - 2*w - 324, 5*j + 2*w - 405 = 5*w. Suppose 3*u - j = 66. Is u a composite number?
True
Suppose i + 418 = -i. Is i*(-3)/(9/3) a composite number?
True
Let r(g) = g**2 + 9*g + 2. Let w be r(-8). Let n be (w/9)/((-4)/1146). Suppose 0 = -5*h + n - 6. Is h a composite number?
False
Let n = -3 + 3. Suppose -4*k + 3*k + 23 = n. Is k a prime number?
True
Suppose -y + 5*y = 44. Suppose -m = -4*d - 0*m + y, 2*d - 18 = -2*m. Let p = 3 + d. Is p a prime number?
True
Suppose -4*c - 232 = -2*k + 218, -3*k - 3*c + 693 = 0. Suppose 0 = d - 3*j - 2*j - 26, 5*j = -4*d + k. Is d a prime number?
False
Let j(f) = 2*f**2 - f. Let d be j(-1). Let z be -3*(-13)/d*-1. Is (z/2)/(5/(-70)) a prime number?
False
Suppose -3*v = -v - 68. Let k(r) = v*r**3 + 1 - r + r + 0. Is k(1) composite?
True
Let h = -361 - -520. Is h prime?
False
Suppose -5*p = 10, 0*c - 2*p + 36 = 5*c. Is c/28 + (-1041)/(-7) composite?
False
Suppose 0*y + y = -4*f - 13, -4 = -2*f - 4*y. Let l(n) = 3 + n**2 + 2 + 0. Is l(f) a prime number?
False
Let t(v)